t s = 3 - 10. Let j = s - -5. Let f = 10 + j. What is the units digit of f?
8
Let s be 1*9/12*4. Suppose 3*t - s = 0, -3*t = 3*k - 5*t - 1. What is the units digit of k?
1
Suppose -4*f - 8 = 5*b + 15, -3*f + 3*b + 3 = 0. What is the units digit of (-3)/(-3)*7 - f?
9
Let u(x) = 2*x**2 - 6*x - 12. What is the units digit of u(6)?
4
Let a be (-84)/1*(-4)/(-6). Let l = a + 92. Suppose 0 = 5*h - l + 6. What is the units digit of h?
6
Suppose -45 = -2*r - 15. What is the tens digit of r?
1
Suppose -m + 44 = -5*q, -3*m = -q - 0*m - 20. Let n = -6 - q. What is the units digit of n?
2
Suppose -5*w + 25 = -0*w, 0 = -2*c - 5*w + 73. What is the units digit of c?
4
Let q(d) = -9*d - 3. Suppose 5*j + 5*g = 10, 2*j + 2*g - 4*g + 12 = 0. What is the tens digit of q(j)?
1
Let j(s) = s**3 + 4*s**2 - 5*s + 1. Let r be j(-4). Let c be 10/(-15)*(-6)/(-2). Let d = r + c. What is the tens digit of d?
1
Suppose -5*q = -148 - 102. What is the units digit of q?
0
Let y be -3 - (-3 - 0/2). Let x(v) = y + v**2 - 6*v**3 - 1 + 7*v**3 + 3*v**2 - 3*v. What is the units digit of x(-4)?
1
Suppose g + 7 = 2*o - 2, o - 7 = 3*g. What is the units digit of (4/(-6))/(g/18)?
2
Let t(j) = j**3 + 5*j**2 + 2*j - 3. Let v be t(-4). Suppose 4*o - v*d = -5 + 39, 4*o - 2*d - 40 = 0. What is the units digit of o?
1
Let d = 33 - 8. What is the units digit of d?
5
Suppose x - 79 = 5*q, 5*q - 79 = -x + 2*q. Suppose -x = -b - 26. What is the tens digit of b?
5
Suppose 51*s + 8 = 53*s. Let g = -5 - 11. What is the units digit of (14/s)/((-4)/g)?
4
What is the tens digit of (13 - 3)*5/2?
2
Let z be -1*(-3 - 0) - 3. Suppose z = 3*g - 4 - 14. What is the units digit of g?
6
What is the tens digit of 80/32*22/5?
1
Suppose 3*n + 9 = 0, 9 = 5*p + 4*n - 2*n. Let y(f) = 2*f + 0*f + 2 - f. What is the units digit of y(p)?
5
Suppose 5*c - 3 = 2*l + 57, -3*l = -2*c + 24. Suppose 62 = 5*k + c. What is the units digit of k?
0
Let a(j) = 5 - 3*j + 6*j - 5*j. What is the tens digit of a(-5)?
1
Let u = 137 + -31. What is the units digit of u?
6
Let z = -4 + 8. Suppose -z*p = d - 15, 0 = 2*p + 3*p + 4*d - 5. Suppose -p*n - 4 = -14. What is the units digit of n?
2
Suppose -5*x + 0*i + 1481 = -2*i, 0 = i - 2. What is the tens digit of x?
9
Let m(j) = j**2 - 8*j - 3. Let z(f) = -6 + 2*f**2 + 0 + 2*f - f**2. Let r be z(-5). What is the units digit of m(r)?
6
Let l(i) = -i**3 - 8*i**2 - 6*i + 8. Let a(t) = 2*t + 15. Let c be -12 + (-1)/(-3)*3. Let z be a(c). What is the units digit of l(z)?
1
Let l be -2*(-5)/(-10)*5. Let h(q) = 11*q + 1. Let f be h(1). Let y = l + f. What is the units digit of y?
7
Let r(d) = -5*d. Let v = 2 - 0. Suppose -2*x + 0 - v = 0. What is the units digit of r(x)?
5
What is the units digit of 1 - -1 - -1 - 138/(-3)?
9
Let z(r) be the first derivative of -r**2 - 2*r - 2. Let m be z(-3). Suppose m*c - 28 = -0*c. What is the units digit of c?
7
Let u = -32 + 225. What is the units digit of u?
3
Let z = 23 + -14. What is the units digit of z?
9
Let l(t) = -t**3 + 6*t**2 + 6*t + 10. Let u be (-1 - (-3)/3) + 7. Let h be l(u). Suppose 0 = -h*w - 0*w + 12. What is the units digit of w?
4
Let b be ((-12)/(-15))/((-1)/15). Let v = 24 + b. What is the tens digit of v?
1
Suppose -11*q - 9 = -8*q. What is the units digit of ((-55)/(-20))/(q/(-12))?
1
Let u(z) = 16*z + 7 - 4 + 8*z**2 + z**3 - 7*z. Let r be u(-6). Suppose -2*m = -5*m + r. What is the units digit of m?
7
Let f(g) = -g**2 - 13*g + 8. What is the units digit of f(-7)?
0
Let p(x) = x + 1. Let h be p(7). Suppose 3*o = 4*o - h. Suppose 4*z - o = 0, 34 = 5*a + 3*z - z. What is the units digit of a?
6
Suppose 4*s - 4*v - 28 = 0, 2*s + 4*v = -2 - 2. Suppose 0 = 5*c + 20, -z - s*c + 8 = -5*c. What is the units digit of z?
4
Suppose -3*c + 11 = -52. Let g = -8 + c. What is the tens digit of g?
1
Let l be (-52)/(-12) - (-4)/6. Let o = l + -2. Suppose -3*t = o*v - 27, -2*t = -0*t - 3*v + 7. What is the units digit of t?
4
Let h(y) be the first derivative of -y**2/2 + 15*y + 2. What is the units digit of h(12)?
3
Let g(w) = -w**3 - 12*w**2 + 13*w + 5. Let m be g(-13). Suppose 137 = -2*v + 5*v + 4*j, 25 = m*j. What is the units digit of v?
9
Suppose -7*n + 3*n + 384 = 0. Suppose 0 = -6*m + 2*m + n. Let x = -16 + m. What is the units digit of x?
8
Suppose p + 23 = 5*d, -4*d = 2*p - 3*p - 18. What is the units digit of 4/1 - -2 - p?
4
Suppose 0 = -0*t + 5*t - 15. What is the tens digit of (-6)/t*(-76)/8?
1
Let h = 98 - 49. Suppose 3*r = h - 1. What is the units digit of r?
6
Let l = -13 - -69. What is the tens digit of l?
5
Suppose -x + 0*x + 3*z - 14 = 0, -3*x - 2 = z. What is the units digit of 3 - (0/3)/x?
3
Suppose 0*b + 2*b = -n - 4, -4*n - 2*b - 4 = 0. Suppose n*t = 2*t - 28. Suppose -m = m - t. What is the units digit of m?
7
Let n(a) = -a**3 - 15*a**2 + 13*a - 17. What is the tens digit of n(-16)?
3
Let k(i) = 5*i**2 - 1. Let z(j) = -j**2 - 6*j + 4. Let q be z(-7). Let y(m) = -m - 4. Let h be y(q). What is the units digit of k(h)?
4
Suppose 0 = 3*l - 64 - 41. What is the tens digit of l?
3
What is the tens digit of (33 - 2) + 3 + -5?
2
Let z = -4 - -9. Suppose -u - 12 = -4*x, 4*x - 24 = -z*u + 12. What is the units digit of u?
4
What is the tens digit of (-5)/(-15) - (-128)/3?
4
Let d(z) = z**2 + 2*z + 1. Let x be d(-3). Suppose 0 = -2*m + x - 0. Let b = m - -2. What is the units digit of b?
4
Let g be 50/4 - (-2)/(-4). Let t be (g/10)/((-5)/(-25)). Suppose 2*w + w - t = 0. What is the units digit of w?
2
Let l = 2 - 5. Let m be l/(-9) + (-124)/(-6). Suppose -5*u + m = y, 3*y = 4*u + 6*y - 19. What is the units digit of u?
4
Suppose 5*t + 80 = 5*h, 5*t = h - 5*h + 37. Let r = 36 - h. What is the units digit of r?
3
Let x(l) = -2*l + 6. Let d(j) = -3*j + 9. Let v(c) = -5*d(c) + 8*x(c). Suppose 0 + 12 = -4*r. What is the units digit of v(r)?
6
Suppose -z - 2*b + 54 = 0, -3*b = -6*z + 2*z + 172. What is the tens digit of z?
4
Let m(r) be the first derivative of r**3/3 - 9*r**2/2 + 9*r - 1. What is the tens digit of m(10)?
1
Suppose -5*z = -3*l - z + 42, l + 5*z + 5 = 0. Suppose -l*q = -15*q + 125. What is the units digit of q?
5
Let t(h) = h**3 + 12*h**2 - 8*h - 22. What is the hundreds digit of t(-11)?
1
Let h(a) = a**2 + 2*a. Let q be h(4). Suppose 0*z + 28 = 2*j - 2*z, -q = -2*j + z. What is the tens digit of j?
1
Let j(k) be the third derivative of -k**6/120 - k**5/20 - k**4/8 + k**3/2 - 4*k**2. Let z be j(3). Let a = -43 - z. What is the units digit of a?
7
Let a = -5 - -12. Let u = a + -5. What is the units digit of u?
2
Let w = 85 + 40. What is the units digit of w?
5
Let s(p) = 13*p**2 + 2*p + 1. Let y(t) = t**3 - 3*t**2 + 4*t - 2. Let f be y(2). Let a = 1 - f. What is the units digit of s(a)?
2
Let j be (-3475)/(-35) - 4/14. What is the tens digit of (2/(-3))/((-6)/j)?
1
Suppose -2*r = -y - 0*r + 8, 4*y + 3*r - 10 = 0. Suppose -y*c + 264 = 2*c. What is the tens digit of c?
4
Let h(z) = -4*z + 54. What is the tens digit of h(0)?
5
Suppose 0*s + 51 = -3*s. Let p = s + 28. What is the tens digit of p?
1
Suppose 0 = 4*d + 14 - 78. What is the units digit of (-1)/2 - (-136)/d?
8
Let i(q) = 3*q - 4. Let j be i(7). Suppose -c + 5*f + 1 = 0, -12 + 2 = -5*f. Let t = j - c. What is the units digit of t?
6
Let m be 16 - 4 - 0/(-2). Let s(y) = -y**3 + 13*y**2 - 11*y + 5. What is the tens digit of s(m)?
1
Let k = 7 + -6. Let o = k + 1. What is the units digit of o?
2
What is the units digit of 26/(-39) - ((-514)/6 + 2)?
3
Suppose -3*w = -2*c - 2, 5*w - 4 = c + 2*w. Suppose r - c*r = -1. What is the units digit of r?
1
Suppose 5*h = -2*s - 139, 4*s + 293 = 2*h + 3*h. Let a = s + 101. Suppose 0*v - u = 5*v - 31, 5*v - a = u. What is the units digit of v?
6
Suppose -3*r = -5*r - 2. Let k = -1 - r. Suppose k = -4*w - 4*q + 48, 2*q + 12 = 5*w - 20. What is the units digit of w?
8
Let u(r) = 24*r + 1. Suppose 5 - 14 = -b - 4*h, -8 = -4*b - 2*h. What is the units digit of u(b)?
5
Let q(j) = -2*j - 8. Suppose -3*w - w - 24 = 0. What is the units digit of q(w)?
4
Let g = 91 + -50. What is the tens digit of g?
4
Let j(c) = -c + 1. Let f be j(-3). Suppose f*a = a. Suppose 16 = 2*h - a*h + 3*d, 0 = -4*h - 5*d + 32. What is the units digit of h?
8
Let g(u) = -u**2 - 7*u - 6. Let l(i) = -i + 1. Let k be l(6). Let y be g(k). Suppose -y*n + 14 = -6. What is the unit